 + 101. What is the remainder when 590 is divided by z(-43)?
29
Calculate the remainder when (-628)/(-16) + 4 + 2 + 204/(-48) is divided by 7.
6
Calculate the remainder when 3904 is divided by 121 - (-12 + (-36)/(-9) + 20).
89
Suppose 5*i = 22*d - 21*d + 9759, -3*d - 3888 = -2*i. Calculate the remainder when i is divided by 115.
113
Suppose 0 = -4*x + 4, -26*x = -4*z - 31*x + 21. Let v be (-150)/4 - (-4)/(-8). Let d = 64 + v. Calculate the remainder when d is divided by z.
2
Suppose 5*w - 25 = 0, 4*w - 8*w = 3*q - 245. Suppose 2*r = -r + q. Let l = -5118 - -5215. What is the remainder when l is divided by r?
22
Suppose -28 = -x - 3*x - 4*n, 35 = 5*x + 3*n. What is the remainder when ((-12)/(-9))/(5/120) is divided by x?
4
What is the remainder when (-91494)/(-126) - (-3 + 110/35) is divided by 122?
116
Let r be ((-8)/6)/(((-8)/3)/(-8)). Let t(j) = j**3 + 6*j**2 + 10*j + 18. Let g(n) = n**2 - 6*n + 17. What is the remainder when g(-6) is divided by t(r)?
9
Let z be (-1 + 0 - 3)/((-11)/11). Let o be 1/z*-1 - 9/(-4). Suppose 11 = 3*n + a, o*n + 2 = -3*a - 0. Calculate the remainder when 6 is divided by n.
1
Calculate the remainder when -2*(-6)/5*(-41)/(2829/(-3335)) is divided by 82.
34
Let q = -5125 - -5346. Calculate the remainder when q is divided by 44.
1
Let g(b) = b + 69. Calculate the remainder when 4159 is divided by g(-29).
39
Suppose -d - 3 + 21 = k, -d + 5 = 0. Let l be 0*((-10)/5)/(-2). Calculate the remainder when k is divided by -10*((-4)/8 + l).
3
Let n(d) be the first derivative of -d**4/4 - d**3/3 - d**2/2 + 21*d - 4. Let y = -2090 - -2129. Calculate the remainder when y is divided by n(0).
18
Let u(j) = 23*j - 134. Let o be u(6). Suppose q - 46 = 5*r, -125 = o*q - 6*q - r. What is the remainder when q is divided by 32?
29
Suppose 3*b + 58 = 319. Let w = b - 45. Calculate the remainder when 119 is divided by w.
35
Let i(w) = -16*w - 13*w**2 + 11*w**2 + 5 + 0*w**2. What is the remainder when i(-5) is divided by 4?
3
Let c(r) = 2*r**3 - 3*r**2 + 26*r + 35. Calculate the remainder when c(5) is divided by 88.
76
Suppose -317*a + 312*a - 2*m = -495, 2*a = -3*m + 187. What is the remainder when a is divided by 24?
5
Suppose -2467 = -18*x + 1457. What is the remainder when 228 is divided by x?
10
Let k(t) = 4*t**3 + 4*t - 8*t**2 + 9*t - 5*t**3 - 4*t. Let y be k(4). Let p = -77 - y. What is the remainder when p is divided by 27?
25
Let v(c) = -13*c - c - 965 + 3*c**2 + 951. Let d be 740/75 - 6/(-45). What is the remainder when v(d) is divided by 49?
48
Let x = -761 + 709. Let s = x + 93. What is the remainder when 80 is divided by s?
39
Suppose -13*g + 30 = -10*g - 3*t, -g = 3*t - 2. Suppose 67*y - 3953 = g*y. What is the remainder when 267 is divided by y?
66
Suppose -3 + 24 = x. Let l(q) = -209*q - 5. Let h be l(-5). What is the remainder when x is divided by h/169 + (-2)/13?
3
Let b(q) = 2*q**2 + 117*q - 2475. What is the remainder when 5882 is divided by b(17)?
86
Let l = 185 + -180. Suppose -l*f + 60 = -0*f + 5*a, f - 4*a = 7. What is the remainder when 21 is divided by f?
10
Suppose -5*w + g = 2*g - 4840, -3*g - 1919 = -2*w. Suppose w*o - 972*o = -395. Calculate the remainder when o is divided by 6.
1
Let g(v) = 20*v**2 + v - 1. Let x be (-8)/10 - 13/65. What is the remainder when g(x) is divided by 7?
4
Let k(w) be the second derivative of -w**3/6 + 9*w**2/2 - 8*w. Let s be k(19). Calculate the remainder when 8 is divided by (-74)/s - (8/20 - 0).
1
Let w = -2849 + 3593. Calculate the remainder when w is divided by 67.
7
Suppose -5*s + 5*t + 170 = 0, -2*s + 27*t + 64 = 26*t. What is the remainder when s is divided by 14?
2
Let t = -4701 - -4725. What is the remainder when 479 is divided by t?
23
Let j be 12/6*(1 + -4). Let q = 25 + j. Let a(y) = -y**2 - 18*y - 10. Calculate the remainder when a(-9) is divided by q.
14
Let c = -1998 - -2009. Let q(v) = 15*v + 4 + 4*v + 3*v - v**2. What is the remainder when q(c) is divided by 16?
13
Let j = -420 - -540. Calculate the remainder when 421 is divided by j.
61
Let r be (187 - 2)*(-3 + -2 + 6). Suppose 95 = 5*p - r. Calculate the remainder when p is divided by 10.
6
Suppose -120*d + 32282 = -12838. What is the remainder when d is divided by 35?
26
Let l be ((-9)/18)/((-2)/28). Suppose -l*y + 10 = -2*y. Suppose -b - a = -y*b + 27, -105 = -4*b + 3*a. What is the remainder when 45 is divided by b?
21
Suppose 8347 = 5*j - 2*z, -3333 = -5*j + 3*j - 5*z. What is the remainder when j is divided by 54?
49
Suppose -25 = d + 4*d. Let g = d + 8. Suppose -8*w + 4*w + 16 = 0, 4*c = g*w + 52. Calculate the remainder when c is divided by 6.
4
Let v(f) = 4*f**3 - 7 - 25*f**2 - 6*f**3 + 24*f**2 + 2*f. What is the remainder when v(-3) is divided by (-2)/(12/33)*-2?
10
Suppose -18 = -16*r + 174. Let c = -53 - -123. Let y = -36 + c. What is the remainder when y is divided by r?
10
Suppose 5*r = 3*j + 577, -227*j = 4*r - 228*j - 456. Calculate the remainder when r is divided by 96.
17
What is the remainder when 486 is divided by (-24)/(-10)*(-1)/(5 + 27/(-5))?
0
What is the remainder when 455 is divided by ((-240)/(-28) - (8 + 1)) + 108/7?
5
Let k(x) = 3*x**2 + 7*x + 24. Let d be k(-8). Let r = d + -104. Suppose -3*c + 529 = 20*c. Calculate the remainder when r is divided by c.
10
Let n(g) = -g**3 - 19*g**2 + 171*g + 3160. What is the remainder when 445 is divided by n(-20)?
25
Suppose -191 = 4*c - q, 5*c - 3*q - 95 = -339. Let r = c - -52. Let i(t) = 2*t**2 - 12*t - 14. What is the remainder when i(8) is divided by r?
3
Suppose 6683*g - 4088 = 6655*g. Suppose 0 = 2*z - 2*j - 34, -2*z + 18 + 4 = 4*j. Calculate the remainder when g is divided by z.
11
Suppose -194862 = -9*x + 12*x. Calculate the remainder when (-2)/15 + x/(-705) is divided by 24.
20
Suppose i - 9*i = -3504. Let q = i + -404. Suppose -2*a = 3*c - 477, -3*a = -8*c + 3*c - 706. Calculate the remainder when a is divided by q.
33
Let d = 1945 - 1933. Calculate the remainder when 1207 is divided by d.
7
Let f = 206 - -102. Suppose -5*t = f - 323. What is the remainder when 16 is divided by t?
1
Let f(r) = r**2 + 3*r - 1. Let w(m) = -534 - 28*m - 548 + 1040. Calculate the remainder when w(-2) is divided by f(2).
5
Let j = -18 + 34. Let t(d) = 8*d**2 - 2*d + 2. Let b be t(4). Suppose 0 = 10*a + b - 882. What is the remainder when a is divided by j?
12
Calculate the remainder when 1813/111*(-15)/(-7) is divided by 22.
13
Let q = 18 - 1. Suppose -2*y = 3*a + 3, -2*a - 2*a - 3 = 3*y. Suppose -y*x - 119 + 317 = 0. Calculate the remainder when x is divided by q.
15
Let b be -1 + 1 - (-5 + 1). Suppose 287 = b*x + 5*j, 5*x = j - 3*j + 363. Let z = -44 - -63. What is the remainder when x is divided by z?
16
Let z(l) = -3*l**3 - l**2 + 4*l - 1. Let x be z(3). Let s = 152 + x. Suppose 4*k + 4 = -j + 3, 5*j = -k + 90. Calculate the remainder when s is divided by j.
16
Suppose -z + 7 = 4, 2*z + 69 = 3*o. Suppose 0 = o*p - 67 - 58. What is the remainder when 8 is divided by p?
3
Suppose 29*l - 273 = 16*l. Let j = 185 - 61. Calculate the remainder when j is divided by l - -3*49/(-21).
12
Let r = -3715 + 4021. Calculate the remainder when 929 is divided by r.
11
Suppose 0 = -3*f - w + 3*w + 616, 3*f = -3*w + 636. Let d(i) = i**3 + 11*i**2 - 33*i - 38. Calculate the remainder when f is divided by d(-13).
49
Suppose 4*h = -2*c + 74, -171*c + 2*h = -169*c - 44. Calculate the remainder when 1599 is divided by c.
6
Suppose i + 237 = 5*f, i + 120 = 118. Calculate the remainder when 639 is divided by f.
28
Let x(d) = 2*d**2 + 14*d + 14. Let m = -39 - -28. Let c = -30 + 56. Calculate the remainder when x(m) is divided by c.
24
Let z(s) = 2*s**2 + 41*s - 240. Let q(f) = 98*f**2 - 3*f + 3. Calculate the remainder when q(2) is divided by z(6).
77
Suppose -2*f + y - 1277 = 0, -29*f = -27*f + 2*y + 1280. Let z = -500 - f. Calculate the remainder when z is divided by 36.
31
Suppose 10*g + 160 = 20*g. Let i be 28/5 + g/40. Suppose -s + i + 10 = 0. What is the remainder when s is divided by 6?
4
Let t(o) = -1 + 19 + 76*o**2 - 12*o - 78*o**2. What is the remainder when 615 is divided by t(-5)?
27
Suppose -3*x = -r + 5467 - 2645, -15 = -3*x. What is the remainder when r is divided by 1416?
5
Let l(w) = -26*w**2 - 45*w - 29*w**2 + 89*w**2 + 91 - 33*w**2 + 3. Calculate the remaind